mon factor of 156 and 24687?
39
What is the highest common divisor of 285 and 7600?
95
What is the highest common factor of 882 and 1687854?
294
What is the greatest common factor of 192192 and 273?
273
What is the highest common factor of 39555 and 585?
45
Calculate the greatest common factor of 1600 and 1080.
40
What is the highest common factor of 733974 and 3576?
894
Calculate the greatest common factor of 304 and 17062.
38
What is the highest common factor of 595 and 68068?
119
Calculate the highest common divisor of 240718 and 46.
46
Calculate the greatest common factor of 2483360 and 100.
20
What is the greatest common divisor of 19 and 457045?
19
What is the greatest common divisor of 1876440 and 30?
30
Calculate the greatest common factor of 11 and 33990.
11
What is the greatest common factor of 152 and 7087?
19
Calculate the greatest common factor of 52927 and 224.
7
Calculate the greatest common divisor of 7072 and 1989.
221
Calculate the greatest common divisor of 296811 and 54.
27
Calculate the highest common factor of 750 and 7710.
30
What is the greatest common divisor of 1953 and 252?
63
Calculate the greatest common divisor of 44576 and 13532.
796
What is the highest common divisor of 9990 and 816?
6
What is the highest common factor of 1350 and 6250?
50
What is the greatest common divisor of 684893 and 836?
209
Calculate the greatest common factor of 22414847 and 91.
91
What is the highest common divisor of 1100 and 3648?
4
What is the greatest common divisor of 6 and 93396?
6
Calculate the highest common divisor of 2491 and 40863.
53
Calculate the highest common factor of 189 and 157017.
21
What is the highest common factor of 30 and 5165?
5
What is the highest common divisor of 370219 and 47?
47
Calculate the highest common factor of 966 and 2645391.
483
Calculate the greatest common divisor of 832 and 4082.
26
What is the highest common divisor of 573797 and 7?
7
What is the highest common factor of 4624 and 7616?
272
What is the highest common divisor of 8874 and 90?
18
What is the highest common divisor of 2153 and 88273?
2153
Calculate the greatest common divisor of 32 and 20632.
8
What is the highest common factor of 8621446 and 146?
146
What is the greatest common divisor of 504 and 508536?
504
What is the greatest common factor of 5194 and 37240?
98
What is the greatest common divisor of 24 and 359490?
6
Calculate the highest common divisor of 157290 and 420.
210
What is the greatest common divisor of 6776784 and 864?
432
Calculate the highest common factor of 4 and 16440.
4
Calculate the highest common divisor of 895769 and 404.
101
What is the highest common divisor of 4620 and 9548?
308
What is the highest common divisor of 1788 and 5352?
12
What is the greatest common divisor of 15 and 4260?
15
What is the highest common factor of 356073 and 30?
3
What is the greatest common divisor of 22 and 475178?
22
Calculate the greatest common divisor of 5225028 and 12.
12
What is the highest common divisor of 75790 and 22?
22
Calculate the highest common factor of 333914 and 1547.
119
What is the highest common divisor of 28688 and 7987?
163
What is the highest common divisor of 18849 and 42333?
309
Calculate the greatest common divisor of 544398 and 246.
246
What is the highest common divisor of 27 and 2559?
3
What is the greatest common factor of 2628864 and 576?
576
Calculate the highest common divisor of 31209 and 7272.
303
Calculate the highest common divisor of 252 and 166012.
28
Calculate the highest common factor of 60726 and 12.
6
Calculate the highest common divisor of 94452 and 612.
204
Calculate the greatest common factor of 304 and 3344.
304
What is the highest common factor of 148 and 11063?
37
What is the highest common factor of 1638 and 324506?
182
Calculate the greatest common divisor of 212 and 202036.
212
Calculate the highest common divisor of 89039 and 19906.
269
What is the highest common divisor of 306125 and 250?
125
Calculate the greatest common factor of 62122 and 534.
178
What is the highest common divisor of 1264 and 59864?
8
Calculate the greatest common divisor of 1343 and 294591.
79
Calculate the highest common factor of 33337 and 18921.
901
What is the greatest common factor of 28615 and 1475?
295
Calculate the highest common factor of 96241 and 157.
157
What is the highest common divisor of 5513 and 2368?
37
What is the greatest common factor of 398 and 71839?
199
What is the greatest common factor of 35434 and 119?
7
Calculate the greatest common divisor of 3007716 and 12.
12
What is the greatest common divisor of 81 and 13185?
9
What is the greatest common factor of 23254 and 1782?
22
Calculate the greatest common factor of 194 and 95254.
194
What is the highest common factor of 14 and 137074?
14
Calculate the highest common divisor of 59200 and 608576.
2368
Calculate the highest common divisor of 8144 and 232.
8
What is the highest common divisor of 3826706 and 6890?
1378
What is the highest common divisor of 141 and 242849?
47
Calculate the greatest common factor of 25 and 34175.
25
Calculate the highest common divisor of 238 and 23282.
14
What is the greatest common divisor of 937 and 7270183?
937
Calculate the highest common divisor of 3415 and 144113.
683
Calculate the greatest common factor of 320 and 358.
2
What is the greatest common divisor of 209678 and 340?
34
What is the highest common factor of 496915 and 345?
115
What is the greatest common factor of 434304 and 273?
39
Calculate the highest common divisor of 8885 and 975.
5
What is the greatest common factor of 42921 and 323?
19
What is the highest common factor of 1417 and 1430?
13
Calculate the highest common divisor of 409 and 52.
1
What is the highest common factor of 11 and 5379?
11
Calculate the greatest common divisor of 3096 and 47214.
774
Calculate the highest common divisor of 284676 and 168.
84
What is the highest common divisor of 62174 and 420?
14
What is the highest common divisor of 66 and 29742?
6
Calculate the greatest common divisor of 28 and 564116.
28
Calculate the highest common divisor of 45425 and 60835.
115
What is the highest common divisor of 140849 and 244?
61
Calculate the highest common divisor of 4288671 and 9.
9
What is the highest common factor of 740 and 1850?
370
What is the highest common factor of 4250 and 8750?
250
Calculate the greatest common divisor of 30394 and 3173.
167
What is the greatest common factor of 234 and 4098?
6
Calculate the greatest common divisor of 225 and 7947.
9
Calculate the highest common divisor of 146547 and 855.
171
Calculate the highest common divisor of 1116 and 11253.
93
What is the highest common divisor of 2620 and 155235?
655
Calculate the greatest common divisor of 1456 and 22048.
208
What is the highest common factor of 232 and 386744?
232
What is the highest common divisor of 10517443 and 41?
41
What is the highest common divisor of 54843 and 3077?
181
What is the greatest common factor of 229 and 1697119?
229
Calculate the highest common factor of 4166387 and 1405.
281
Calculate the highest common factor of 9475 and 125.
25
Calculate the highest common divisor of 356 and 496531.
89
Calculate the highest common factor of 88 and 11748.
44
What is the highest common factor of 16244 and 10044?
124
Calculate the highest common divisor of 186627 and 441.
21
Calculate the highest common factor of 818631 and 88.
11
Calculate the highest common factor of 329 and 4494469.
329
What is the greatest common divisor of 15420 and 4470?
30
Calculate the highest common divisor of 156 and 129.
3
Calculate the greatest common divisor of 13860 and 25.
5
Calculate the highest common factor of 87650 and 130.
10
Calculate the greatest common factor of 11 and 898007.
11
What is the highest common factor of 448 and 10248?
56
Calculate the highest common divisor of 50175 and 117.
9
What is the highest common divisor of 135555 and 945?
105
What is the highest common factor of 15041 and 1581619?
1157
What is the greatest common factor of 1243 and 2599?
113
What is the greatest common divisor of 3053215 and 220?
55
Calculate the highest common divisor of 24640 and 752.
16
Calculate the highest common divisor of 85787 and 26.
13
What is the highest common divisor of 42 and 128